common divisor of 41963992 and 656?
328
What is the greatest common factor of 22 and 30855495?
11
Calculate the greatest common divisor of 167685 and 645.
15
Calculate the greatest common divisor of 3656660 and 4340.
140
Calculate the highest common divisor of 1190 and 101068380.
70
What is the highest common divisor of 1029625 and 125?
125
Calculate the greatest common factor of 616 and 4456424.
56
Calculate the highest common divisor of 172242 and 1314.
18
What is the greatest common divisor of 171989 and 93398?
1139
Calculate the highest common factor of 82329905 and 35.
35
What is the highest common divisor of 67129 and 345?
1
Calculate the highest common factor of 5810 and 72519258.
1162
What is the highest common divisor of 9766 and 119866856?
514
Calculate the greatest common factor of 198980 and 40.
20
What is the greatest common divisor of 31184 and 9657295?
1949
Calculate the highest common factor of 77662921 and 35.
7
What is the greatest common factor of 2627 and 15947?
37
Calculate the greatest common divisor of 30 and 1268960925.
15
What is the greatest common factor of 1043000 and 20300?
700
Calculate the greatest common divisor of 90522 and 9279.
9
What is the highest common factor of 1135116857 and 647?
647
What is the highest common factor of 35001 and 978957?
9
Calculate the highest common divisor of 96939974 and 86.
86
What is the highest common divisor of 41847 and 2480739?
111
Calculate the greatest common factor of 386152 and 12.
4
What is the greatest common factor of 30040 and 149449?
751
What is the greatest common factor of 5772 and 2275752?
12
What is the highest common divisor of 107711904 and 60256?
8608
What is the highest common divisor of 430397 and 1924337?
3557
Calculate the highest common factor of 39 and 28059239.
13
What is the highest common divisor of 962 and 6697925?
481
What is the greatest common divisor of 545904 and 3044396?
892
Calculate the highest common factor of 130914118 and 8498.
1214
What is the highest common factor of 18280119 and 231?
33
What is the greatest common factor of 873 and 5421258?
9
What is the greatest common divisor of 172638715 and 15?
5
What is the greatest common divisor of 912421770 and 3523?
3523
What is the greatest common divisor of 727426 and 1356992?
3262
What is the greatest common divisor of 1412 and 296309612?
1412
Calculate the greatest common divisor of 175031 and 167719.
457
What is the highest common factor of 45588 and 715604?
116
Calculate the highest common divisor of 16978577 and 8855.
1771
What is the greatest common divisor of 70556 and 130076?
124
What is the greatest common divisor of 12243 and 550011?
231
What is the highest common divisor of 43602 and 106808?
338
What is the greatest common divisor of 1992 and 582312?
24
Calculate the greatest common factor of 230 and 17093669.
23
What is the greatest common factor of 4410 and 1298610?
90
What is the highest common factor of 1542060 and 5590?
130
Calculate the greatest common factor of 14227566 and 510.
6
What is the highest common factor of 4992 and 1725672?
312
What is the highest common divisor of 1732 and 68830546?
866
Calculate the highest common divisor of 270290 and 583615.
755
What is the greatest common divisor of 148184820 and 420?
420
What is the greatest common factor of 5394832060 and 908?
908
Calculate the greatest common divisor of 11986338 and 27492.
174
Calculate the greatest common factor of 10992048 and 1095.
219
Calculate the greatest common divisor of 1196670 and 5763.
339
What is the highest common factor of 515678349 and 177?
177
What is the greatest common factor of 292809 and 119073?
57
Calculate the highest common divisor of 84 and 20361600.
84
What is the greatest common divisor of 471 and 544336113?
471
What is the highest common factor of 1440371449 and 9251?
9251
What is the greatest common factor of 840 and 3282195?
105
What is the greatest common factor of 3375 and 40025625?
375
What is the highest common divisor of 9188 and 31756?
4
Calculate the highest common factor of 1980 and 3658860.
180
What is the highest common divisor of 38614 and 755218?
898
What is the greatest common divisor of 167 and 107979194?
167
Calculate the highest common factor of 4755756 and 42366.
138
Calculate the highest common factor of 1000 and 90671275.
25
What is the greatest common factor of 381 and 928440993?
381
What is the greatest common divisor of 962 and 20096106?
74
Calculate the highest common divisor of 15 and 5432785.
5
What is the highest common factor of 4200810 and 8649?
93
What is the greatest common factor of 17209884 and 86862?
2802
Calculate the greatest common factor of 10095904 and 1064.
56
Calculate the highest common divisor of 23475 and 14180465.
1565
What is the greatest common divisor of 40751088 and 336?
336
Calculate the highest common factor of 918923 and 1073.
29
What is the highest common divisor of 12719008 and 32?
32
Calculate the greatest common factor of 16932 and 1836.
204
Calculate the highest common divisor of 320640 and 8400.
240
What is the greatest common divisor of 13959 and 480293?
517
Calculate the highest common divisor of 8473933 and 52.
13
What is the greatest common divisor of 1128420 and 330?
30
What is the greatest common factor of 122755606 and 102?
34
Calculate the highest common divisor of 635753 and 447604.
353
What is the highest common factor of 129961 and 367649672?
9997
What is the highest common factor of 2068 and 201784?
44
What is the highest common factor of 56928372 and 6972?
996
What is the highest common factor of 12465234 and 252?
18
Calculate the greatest common factor of 545 and 59400095.
545
Calculate the greatest common factor of 49619963 and 164.
41
Calculate the greatest common factor of 13090 and 1237180.
70
Calculate the greatest common divisor of 2088 and 6339052.
116
Calculate the greatest common factor of 14 and 13577851.
7
Calculate the highest common divisor of 112809847 and 577.
577
What is the highest common factor of 158743032 and 24?
24
What is the greatest common divisor of 162 and 42082?
2
What is the greatest common factor of 105732 and 8559?
27
What is the highest common factor of 2677978 and 284?
142
What is the highest common divisor of 6880 and 14020795?
215
What is the greatest common factor of 48 and 3002040?
24
What is the greatest common factor of 309421800 and 38112?
9528
Calculate the highest common factor of 10133504 and 8659.
1237
Calculate the greatest common factor of 12271567 and 847.
77
What is the greatest common divisor of 685836799 and 86?
43
Calculate the greatest common divisor of 459920768 and 128.
128
What is the highest common divisor of 186 and 174460839?
93
What is the highest common divisor of 988752048 and 240?
48
What is the greatest common divisor of 766 and 4433755072?
766
What is the greatest common factor of 144301 and 297541?
1277
What is the highest common divisor of 347326 and 224?
14
What is the greatest common divisor of 286 and 36015694?
286
What is the greatest common divisor of 346748596 and 1956?
652
Calculate the highest common divisor of 7559727 and 1722.
21
Calculate the greatest common factor of 4064950 and 67950.
50
What is the greatest common divisor of 13242735 and 990?
495
Calculate the highest common factor of 857922 and 22776.
78
Calculate the highest common divisor of 1360920 and 2728.
88
Calculate the highest common divisor of 29783 and 1294099.
79
What is the highest common factor of 11934 and 495703?
221
What is the highest common divisor of 330039682 and 14?
14
Calculate the greatest common factor of 436331648 and 6301.
6301
What is the highest common factor of 60881 and 379615?
23
Calculate the highest common factor of 24838 and 1604570.
22
What is the highest common divisor of 6430 and 2920?
10
What is the greatest common divisor of 15714 and 36679968?
1746
Calculate the highest common divisor of 45138905 and 70.
35
Calculate the greatest common factor of 3042 and 94767426.
3042
Calculate the highest common factor of 320433256 and 2288.
1144
What is the greatest common divisor of 28715 and 686156411?
5743
Calculate the greatest common divisor of 845295 and 157505.
545
Calculate the greatest common divisor of 804594776 and 30372.
10124
Calculate